?
4
Let q(m) = -m**3 + 8*m**2 - 2*m + 17. Let t be 3/(-2 - (-57)/24). Let p be q(t). Suppose r = -3*i + 115, -r - 1 = p. What is the tens digit of i?
3
Suppose 3*m + 349 = 4*m - 2*r, 3*r + 1032 = 3*m. What is the units digit of m?
9
Let j = 3587 - 2412. What is the thousands digit of j?
1
Let y be ((-30)/(-10))/((-6)/(-4)). Suppose -36 = -y*i + 8. What is the units digit of i?
2
Suppose 0 = 37*q - 34*q + 12. Let c(r) = -27*r - 1. What is the tens digit of c(q)?
0
Suppose 32 = 5*f - 8. Let q be (-458)/3 + f/12. What is the units digit of q/24*(-6 + 0)?
8
Let l(m) = m**2 + 11*m + 2. Let y be l(5). Let f = 51 + y. What is the hundreds digit of f?
1
Let y = 3398 - 584. What is the units digit of y?
4
Suppose -l = 0, -x + 86 + 94 = -5*l. What is the hundreds digit of x?
1
Let m(f) = -f**2 + 3*f + 3. Let d be m(3). Suppose 5*y - 27 + 3 = -2*u, 4*u + 4 = d*y. Suppose 3*r - r - u = 0. What is the units digit of r?
1
What is the units digit of 1651 + 42 - -3*6/9?
5
Let n = 7861 - 3030. What is the thousands digit of n?
4
Let q(f) = f - 4. Let h be q(0). Let m(p) = -6*p + 49. Let n be m(14). What is the units digit of n/h + (-7)/(-28)?
9
Let c(r) = r**3 - 5*r**2 - 6*r. Let p be c(6). Let y be -1 - p/1 - -4. Suppose 0 = 2*w + s - 2*s - 7, y = 3*s. What is the units digit of w?
4
Suppose -6*n = -11*n + 170. Let y = n - -15. What is the units digit of y?
9
Let v = 5 + -7. Let u be 2 + -1 + v + 3. Suppose 220 = 5*h - 8*c + 3*c, 64 = u*h + 4*c. What is the tens digit of h?
4
Let a(o) = o**2 + 15*o + 19. Let s be a(-14). Suppose -5*l - m = -91, m + 4*m - 95 = -s*l. What is the units digit of l?
8
Suppose 10*i - 614 - 366 = 0. What is the units digit of i?
8
Let r(f) = 2*f**2 - 9*f + 18. Let o be r(11). Let c = -78 + o. What is the units digit of c?
3
Let q be (-2)/(-9) - (-4895)/45. Suppose 2*h + 33 = q. What is the units digit of h?
8
Let i(f) = 124*f - 98. What is the tens digit of i(5)?
2
Let q(l) = -l**2 + 41*l - 14. What is the tens digit of q(16)?
8
Let p(i) = i**2 + 5*i - 1. Let w be p(-11). Suppose -3*t + 3*c = -w - 67, 5*c = -5*t + 260. What is the tens digit of t?
4
Let p(v) = 102*v + 1. Let l be p(1). Let x = 152 - l. What is the tens digit of x?
4
Let j(c) = 182*c**2 + 6*c - 4. What is the units digit of j(-3)?
6
Let l = 31 + -31. Suppose 5*a - 25 = 0, l*m - a = -2*m + 233. What is the units digit of m?
9
Let m = -107 - -211. Suppose a = 3*a - 134. Let k = m - a. What is the tens digit of k?
3
Let d(y) = -65*y - 68. What is the hundreds digit of d(-18)?
1
What is the units digit of (8/(-64)*-4)/((-1)/(-1154))?
7
Let j(i) = 254*i - 41. What is the hundreds digit of j(5)?
2
Suppose -w - b = -2*b - 9, -25 = -w + 5*b. Suppose w*d = 10, -2*l + 0*d + 244 = 2*d. What is the units digit of l?
0
Let v(x) = -29*x - 134. Let b be v(-4). Let p = 1 - 0. What is the units digit of (b/5)/(p/(-15))?
4
What is the units digit of ((-16)/6)/4 - 1742/(-3)?
0
Let r(a) = -a**3 + 4*a**2 - 2*a - 3. Let j be r(3). Suppose 2*v + j - 72 = 0. Suppose -4*m = -2*m - v. What is the units digit of m?
8
Suppose 202*s = 210*s - 11176. What is the units digit of s?
7
Let f = -3119 + 6875. What is the hundreds digit of f?
7
Let f = 41 - -3. Suppose a + v - f = 0, -6*a + 5*v + 200 = -a. Suppose 29 = -0*k + k + 3*i, -2*k + a = -2*i. What is the tens digit of k?
2
Let h = 130 + 94. What is the units digit of h/(-3)*(-45)/30?
2
Let r(m) = -17*m**2 - m. Let v be r(1). What is the units digit of (v + 29)*(0 - (1 - 5))?
4
Let b(f) = -f + 10. Let d be b(5). Suppose p - 3*u = -0 + d, p = -5*u - 3. What is the units digit of p?
2
Let c(h) = 4*h**2 - 8. Let z be c(-6). Suppose z = -k + 5*k. Suppose k = -4*r + 82. What is the tens digit of r?
1
Let s = 62 + 17. What is the tens digit of s?
7
Suppose -4*i + 615 + 17 = -2*d, 5*d - 180 = -i. Suppose i = 3*j - 452. Suppose 5*u + 4*r - 2*r = j, -2*u - 4*r + 88 = 0. What is the tens digit of u?
4
Let s(u) = -30*u - 2. Let i(t) = -t**2 + 7*t - 7. Let c be i(6). What is the units digit of s(c)?
8
Suppose -4*w - 1060 = -5*p - 121, 5*w - 784 = -4*p. Suppose 2 = h - p. What is the hundreds digit of h?
1
Let m be 50/(-20) - (-1)/(-2). Let h = m - -8. Suppose -3*y + 96 = h*y. What is the units digit of y?
2
Let d(s) = s**2 + 25*s + 215. What is the hundreds digit of d(-31)?
4
Let q be (22/5)/(6/120). Suppose -5*i + 246 = -39. Let j = q - i. What is the units digit of j?
1
Let g(w) = 13*w**2 - w + 33. What is the units digit of g(-8)?
3
Suppose b + 34 + 9 = 0. Let i = b - -108. What is the tens digit of i?
6
Let u = 12 + -9. Suppose 10 = -u*w - 83. Let a = 33 - w. What is the units digit of a?
4
Suppose -7*y + 5*g - 45 = -2*y, 3*g + 33 = -3*y. Suppose -a - 3*a + 3*q + 49 = 0, -q = 5*a - 66. Let o = a + y. What is the units digit of o?
3
Let d be (1*4)/(20/10). Let g be -2 - (-8)/d - -1. What is the units digit of g + (-1 - 0) + 23?
5
Let i = 152 - 110. What is the units digit of 10488/i - (-2)/7?
0
Suppose 0*z + 5*z = 20. Let k be z/6 - (-8)/6. Suppose 4 = -k*d + 6*d. What is the units digit of d?
1
Let j = -13 + 12. What is the units digit of (j/(-4))/(5/740)?
7
Suppose 3*j - 23 = -5. Let z(t) = t**2 + 10*t - 9. Let w be z(j). Let v = w - 60. What is the units digit of v?
7
Let x(t) = 21*t**2 + 17*t + 77. What is the tens digit of x(-8)?
8
Suppose 4*k + f - 13177 = 0, 3*k = 17*f - 14*f + 9864. What is the tens digit of k?
9
Suppose -3*q - 2*x + 22 = 0, -q + 4*x - 16 = -0. Let n be (66/(-44))/((-3)/8). Suppose -c = n*u - 54, q*u - 5*c = -u + 55. What is the units digit of u?
3
Suppose -2*d = 8*d - 6620. Suppose 472 = 9*u - d. What is the hundreds digit of u?
1
Suppose 0 = -9*m + 5*m + 36. Let r be (2 - (0 + -3))*1. Suppose -p = r - m. What is the units digit of p?
4
Let q(y) = y**2 + 3*y + 417. What is the tens digit of q(0)?
1
Let i(r) = 3*r - 10. Let w be i(4). What is the hundreds digit of (230/(-8))/(w/(-8))?
1
What is the hundreds digit of 16/(-104) + (-12564)/(-39) + -2?
3
Let z(v) be the first derivative of -3*v**2/2 - 17*v - 5. Let u be z(-5). What is the units digit of 40/(-30)*21/u?
4
Let h be ((-5)/(-5))/(1 - 2). Let i be h/2 + (-15)/(-6). Suppose -i*q - 16 = -3*w + 4, -65 = -4*w - 5*q. What is the tens digit of w?
1
Suppose -p - 125 = 4*b - 400, -4*b + 785 = 3*p. What is the units digit of p?
5
Let u(r) = 78*r**2 + 30*r + 34. What is the thousands digit of u(-6)?
2
Suppose 3*q = -3*q + 7080. What is the tens digit of q?
8
Let d be (-1 - -1)*(0 - 4/8). Suppose d*p + 3*h = 4*p - 575, -2*p = -4*h - 300. What is the units digit of p?
0
Let o(i) = -i**2 - 1 + 4*i**2 - 2 + 4. Let c be o(1). Suppose -2*d + 6*d = -c, 2*n - 3*d = 41. What is the tens digit of n?
1
Let u(v) = -15*v - 34. What is the tens digit of u(-8)?
8
Let s = 4 - 4. Suppose 2 = 2*t - s*t, 4*t = 2*c - 488. What is the hundreds digit of c?
2
Suppose -12*w + 7260 = -8*w. What is the thousands digit of w?
1
Suppose 2*f = 2*r + 3*r - 4646, 4*r + 5*f - 3730 = 0. What is the units digit of r?
0
Let x = -168 + 165. What is the units digit of 309 - (2 - (-2 - (x - -2)))?
6
Let l be (-8)/6*3 - -17. Suppose l*x = 18*x - 545. Let h = x + -57. What is the tens digit of h?
5
What is the hundreds digit of 0 - 22137/(-6) - 14/(-28)?
6
Suppose -3*v + r + 6 = -5, 2*v + 6 = 4*r. Let p(w) = -w**3 + 6*w**2 - 4*w + 11. What is the tens digit of p(v)?
1
Let c = -34 + 52. Suppose f - 5*s - 9 = 0, 0*f + 4*f - 2*s - c = 0. Suppose -x = -f*x + 30. What is the units digit of x?
0
Let y = -3 - -10. Suppose 4*n = 5*r + 35, 2*r = -3*n + 2 + y. Suppose -3*q + 4*q = n. What is the units digit of q?
5
Let j(t) be the second derivative of t**4/4 + 5*t**3/3 + 9*t**2/2 + t - 2. What is the tens digit of j(-10)?
0
Let i(t) = 10*t**2 - t - 21. What is the tens digit of i(12)?
0
Let o(q) = -q**3 + 2*q**2 - 1. Let c be o(-1). Suppose 0*y + 78 = 5*r + c*y, 15 = r + y. Suppose -3*j - 10 = 4*v - 155, -4*v = -r. What is the units digit of j?
3
What is the units digit of 2/(-3)*(-21984)/64?
9
Let p(k) = -k + 17. Let t = -25 - -35. Let g be p(t). Suppose 5*v + 56 = g*v. What is the tens digit of v?
2
Suppose n = -5*a + 1538 + 2607, -4*n + 5*a + 16705 = 0. What is the thousands digit of n?
4
What is the tens digit of 3/(8 - (-510230)/(-63784))?
5
Let l(p) be the first derivative of 3*p**3/2 - 2*p**2 - 6*p - 2. Let j(s) be the f